9007 - 5?
-9012
In base 7, what is -10254 + 5?
-10246
In base 15, what is 3 + -45?
-42
In base 11, what is 338 - 17?
321
In base 9, what is -4016 + 5?
-4011
In base 4, what is -3221 + 110?
-3111
In base 11, what is -1108 + -5?
-1112
In base 14, what is -141 - 4?
-145
In base 4, what is -10 + -31132?
-31202
In base 15, what is 9 + -5?
4
In base 6, what is -1 - 10330?
-10331
In base 3, what is 201 - -2?
210
In base 7, what is -24 + -134?
-161
In base 6, what is -13 + -241?
-254
In base 15, what is 44 - 1d?
26
In base 6, what is -5 + 13243?
13234
In base 12, what is -5 + a42?
a39
In base 2, what is 1 + -10001000110?
-10001000101
In base 2, what is 100 - -10101101?
10110001
In base 7, what is -326 + -233?
-562
In base 13, what is 3 + c?
12
In base 10, what is 264 - 5?
259
In base 15, what is -21 + 1?
-20
In base 10, what is 177 + 5?
182
In base 5, what is 10 + -2200?
-2140
In base 11, what is -a3 + -3?
-a6
In base 16, what is 5 - -1096?
109b
In base 3, what is -21 - 10021?
-10112
In base 13, what is 1 + -42?
-41
In base 10, what is -4 + -33?
-37
In base 13, what is 5 - 44c?
-447
In base 10, what is 809 + 1?
810
In base 12, what is -2 - 3735?
-3737
In base 16, what is 4 - -1a?
1e
In base 13, what is 20c + 5?
214
In base 3, what is -121 + 20?
-101
In base 9, what is 0 - 32?
-32
In base 4, what is 3021 - -30?
3111
In base 8, what is -3 - 127?
-132
In base 11, what is 213 + -2?
211
In base 4, what is 1 + -122203?
-122202
In base 10, what is -219 - -1?
-218
In base 8, what is 5 - 1?
4
In base 5, what is 113332 + 10?
113342
In base 4, what is 3 - -22031?
22100
In base 8, what is -2 - 504?
-506
In base 16, what is -4 - -10e?
10a
In base 7, what is 2 - -21?
23
In base 15, what is -32 + -a?
-3c
In base 10, what is -71 - 54?
-125
In base 3, what is 200200 + 210?
201110
In base 8, what is 63 + 5?
70
In base 14, what is -1c35 + 3?
-1c32
In base 3, what is -1202 + 20?
-1112
In base 3, what is 1022212 - -12?
1100001
In base 13, what is 51b - -5?
523
In base 9, what is 70 - 233?
-153
In base 7, what is 0 - -153?
153
In base 4, what is -23 - -20113?
20030
In base 14, what is b + -1da?
-1cd
In base 11, what is 305 + -1?
304
In base 11, what is -40 - 6?
-46
In base 14, what is 1b7 - 13?
1a4
In base 12, what is 16 + 71?
87
In base 9, what is -5 - 21?
-26
In base 9, what is -58 - -22?
-36
In base 11, what is -2 - -98?
96
In base 10, what is 84 + 6?
90
In base 14, what is -381 + 3?
-37c
In base 3, what is -12111 - 12?
-12200
In base 12, what is -22 + 61?
3b
In base 3, what is -10000221220 - 10?
-10000222000
In base 13, what is 24 - 137?
-113
In base 8, what is -13 + 1355?
1342
In base 7, what is -1 - -34?
33
In base 5, what is 1 - -243?
244
In base 5, what is 13 + -131?
-113
In base 10, what is 2 - 2382?
-2380
In base 12, what is 2 + 160?
162
In base 10, what is -3 + -1434?
-1437
In base 11, what is -10 + 37?
27
In base 14, what is 701 + 0?
701
In base 14, what is 1 + -37?
-36
In base 2, what is 10110110101 - -100?
10110111001
In base 6, what is 3 + -520?
-513
In base 2, what is 110000010 + 1000?
110001010
In base 4, what is -2 + -1133?
-1201
In base 13, what is a + -7c?
-72
In base 16, what is -5 + -fe4?
-fe9
In base 2, what is -10011010010 - 10?
-10011010100
In base 3, what is 11 - 122?
-111
In base 10, what is 5 - -152?
157
In base 12, what is 61 + 6a?
10b
In base 13, what is -137 - 4?
-13b
In base 16, what is f + 4d?
5c
In base 9, what is 0 - 5457?
-5457
In base 10, what is -492 - -5?
-487
In base 6, what is -3 - -5223?
5220
In base 5, what is 41 + -2231?
-2140
In base 2, what is 11001 + 100100?
111101
In base 7, what is -1252 + -1?
-1253
In base 7, what is 5 + 1633?
1641
In base 11, what is -3 - -105?
102
In base 6, what is -4 - 122?
-130
In base 13, what is 37 - -9?
43
In base 15, what is -c1c - 0?
-c1c
In base 9, what is -11 - 22?
-33
In base 12, what is -12 + 74?
62
In base 15, what is -5 + -74?
-79
In base 8, what is -5 + -225?
-232
In base 13, what is 3 + 80?
83
In base 10, what is -89 - 7?
-96
In base 3, what is 11 - 22212?
-22201
In base 14, what is 87 + 30?
b7
In base 7, what is 5 - 11?
-3
In base 3, what is -1022 - -21?
-1001
In base 7, what is -65 + -20?
-115
In base 16, what is 93 - -2d?
c0
In base 12, what is -27 + 69?
42
In base 2, what is -11101 - 110011011?
-110111000
In base 6, what is -311 - -23?
-244
In base 10, what is -3 - -104?
101
In base 12, what is 141 - -4?
145
In base 3, what is 2 - 1211?
-1202
In base 8, what is -47 - 1?
-50
In base 6, what is -5 + -1414?
-1423
In base 11, what is -21 - -13?
-9
In base 9, what is -35 + -311?
-346
In base 9, what is -2 + 4?
2
In base 13, what is 221 - 2?
21c
In base 3, what is -1000 + -10?
-1010
In base 12, what is -3 + 107?
104
In base 14, what is 1 - 26?
-25
In base 13, what is 63 + 1?
64
In base 16, what is 1a + -58?
-3e
In base 9, what is 2 + -74?
-72
In base 15, what is -5 - -72?
6c
In base 5, what is 12 - -2333?
2400
In base 2, what is 1011011 + 1000?
1100011
In base 10, what is 4 - 35?
-31
In base 6, what is 454 - 23?
431
In base 8, what is -1016 - -2?
-1014
In base 6, what is -14 + -12303?
-12321
In base 10, what is 652 + 2?
654
In base 5, what is 104 - 0?
104
In base 9, what is 3426 - -8?
3435
In base 13, what is 737 - -4?
73b
In base 15, what is -1b6 - -18?
-19d
In base 10, what is 16 - 20?
-4
In base 10, what is 0 + -12?
-12
In base 12, what is -460 - 5?
-465
In base 13, what is -12 + -c?
-21
In base 15, what is -252 - -16?
-23b
In base 2, what is -1 + -10001?
-10010
In base 16, what is -16 + 1d?
7
In base 13, what is 5 - -26?
2b
In base 6, what is -10 + 24440?
24430
In base 14, what is 285a - 5?
2855
In base 14, what is -3 + -b0?
-b3
In base 7, what is 24 + 16?
43
In base 12, what is -1572 - 4?
-1576
In base 14, what is -169 - 1?
-16a
In base 12, what is 8 - 145?
-139
In base 6, what is -533 + 1?
-532
In base 7, what is 3 - -14016?
14022
In base 4, what is -11 - 13021?
-13032
In base 10, what is -109 - 10?
-119
In base 13, what is -7 + -5?
-c
In base 10, what is -1 - -27?
26
In base 2, what is -1101000 + 1?
-1100111
In base 10, what is -29 + 262?
233
In base 16, what is 4 + -fb8?
-fb4
In base 8, what is 4733 - -1?
4734
In base 8, what is -17 - 12?
-31
In base 7, what is -41 + -3?
-44
In base 15, what is -24 + -16?
-3a
In base 13, what is c + -3?
9
In base 12, what is -1b0 - -4?
-1a8
In base 2, what is 10010010 - -11?
10010101
In base 10, what is 47 - -58?
105
In base 11, what is -4 - -33?
2a
In base 16, what is -3c - -2?
-3a
In base 3, what is 1001120 - 1?
1001112
In base 10, what is -43 + 366?
323
In base 14, what is -568b + 3?
-5688
In base 7, what is 303 - -2?
305
In base 10, what is 4 - 37?
-33
In base 13, what is 4 - 98?
-94
In base 9, what is -20 - 254?
-274
In base 16, what is 2e7 + -f?
2d8
In base 10, what is 3040 + -2?
3038
In base 7, what is -1124 + -53?
-1210
In base 12, what is 5 - 4?
1
In base 5, what is 2 + 12?
14
In base 5, what is 31100 - 4?
31041
In base 11, what is -32 + a8?
76
In base 16, what is 4 - 6c?
-68
In base 8, what is -336 + 6?
-330
In base 14, what is -898 - -5?
-893
In base 14, what is 34a2 + 5?
34a7
In base 14, what is 32 - a9?
-77
In base 7, what is 3 + 111?
114
In base 11, what is -5 + 5421?
5417
In base 4, what is -13021 - 2?
-13023
In base 6, what is -14 + -15551?
-20005
In base 8, what is -16 - -260?
242
In base 16, what is 10 + dd?
ed
In base 11, what is -49 + 3?
-46
In base 12, what is 55 + 5?
5a
In base 4, what is 1 + -131030?
-131023
In base 3, what is 1221100 + -10?
1221020
In base 7, what is 36 + 5?
44
In base 6, what is 2245 - -40?
2325
In base 12, what is -5 - -b1?
a8
In base 2, what is 0 - 11000000?
-11000000
In base 6, what is 5 + -2242?
-2233
In base 2, what is 101 + 110011110?
110100011
In base 4, what is 102 - 10?
32
In base 13, what is 2204 + -3?
2201
In base 13, what is c + -131?
-122
In base 16, what is -c - -142?
136
In base 3, what is 22102112 + -2?
22102110
In base 5, what is 3301 - -11?
3312
In base 7, what is 212 - 1?
211
In base 16, what is -1d - 66?
-83
In base 5, what is -140 + 1302?
1112
In base 9, what is -5 - -738?
733
In base 7, what is -3 + -545?
-551
In base 9, what is 0 + -4251?
-4251
In base 11, what is -659 - 2?
-660
In base 6, what is -211 + -53?
-304
In base 16, what is -14 - 29?
-3d
In base 10, what is 26 + 26?
52
In